13*c + 17. Let i(q) = 3*q + 4. Let k(o) = 2*a(o) - 9*i(o). Determine k(4).
-6
Let c be (-4)/(-6) + 34/(-6). Let p(i) be the first derivative of i**3/3 + 2*i**2 - 4*i - 592. What is p(c)?
1
Let t(z) be the second derivative of 7*z**3/6 + z**2/2 - z. Suppose -c - 21 = -5*r, 0 = 4*r - 2*c - 12. Suppose 2 = r*v + 12. What is t(v)?
-13
Let u = 31 + 69. Suppose 21*y = 17*y + u. Let s = y - 32. Let g(z) = z + 12. What is g(s)?
5
Let q(j) = -j. Suppose -17*c = -22*c + 10. Let x be 4 + (c - (-12)/(-3)). Let o(w) = w + 4. Let l be o(x). What is q(l)?
-6
Let i(y) be the first derivative of -y**2 + 2*y + 21. Suppose -3*a + 6*a = 12. Let f = a - 1. Determine i(f).
-4
Let v(z) = -z**3 - 2*z**2 + 2*z - 3. Let a = -11 - -7. Calculate v(a).
21
Let a(y) = -9*y - 3. Let k be a(-2). Suppose 0 = -2*u + u - 4*n - 15, n + k = 2*u. Let j(q) = 2*q**3 + 4 + 0*q**3 + q - u. Calculate j(1).
2
Let h(w) = 29*w**2 + 6*w + 9. Suppose 6*b + 87 = -15. Let i(z) = 10*z**2 + 2*z + 3. Let c(q) = b*i(q) + 6*h(q). Calculate c(-2).
15
Let g(b) = -9*b**2 + 7*b + 3. Let y(p) = 4*p**2 - 3*p - 1. Let k(i) = -3*g(i) - 7*y(i). Determine k(-3).
-11
Let y(v) = 2*v**3 + 2*v**2 - 1. Let n be (3 + -2)*(-2 + 5). Suppose n*i - 53 = 4*s - 20, 0 = 4*i + 5*s - 44. Suppose d = -5, -3*d - i = -4*t + 8. What is y(t)?
3
Suppose -15*n + 3*n = -720. Let r = n - 63. Let i(u) = -u**3 - 2*u**2 - 4. Determine i(r).
5
Let i(l) = -l - 1. Let u be 32/(-18) - 10/45 - -6. Suppose -3*a - u*o - 26 = -a, -4*a - 3*o - 42 = 0. Give i(a).
8
Let h(v) = -7*v + 119*v**2 - 5 - 117*v**2 - 6. Let f(i) = 3*i**2 - 15*i - 22. Let g(l) = 3*f(l) - 5*h(l). Calculate g(-9).
-2
Suppose -t - 26 = 2*t + 4*s, -s = -2*t + 1. Let q(b) = -2*b + 2. Let l(p) = -2*p + 1. Let a(x) = -6*l(x) + 4*q(x). Give a(t).
-6
Let h(j) = 2*j**3 - 5*j + 12. Let i(p) = 6*p**3 - 14*p + 34. Let d(l) = 14*h(l) - 5*i(l). Determine d(-2).
14
Let a(y) = 4*y**2 + 7*y + 5. Let c = 1 - 6. Let g(u) = 3*u**2 + 6*u + 5. Let h(x) = c*g(x) + 4*a(x). What is h(5)?
10
Let r(u) = 6*u - 3*u + 0*u + 68 - 64 - 2*u. Let b(d) = -d**2 + 6*d + 3. Let j be b(7). Determine r(j).
0
Suppose 4*b - 20 = 4*o, o - 2 - 11 = -2*b. Let u(a) = -a**2 - a**3 + 37 - 3*a**2 - 32 + b*a. Give u(-4).
-19
Let u(v) be the third derivative of -v**5/60 + v**3/6 - 24*v**2. Let i(r) = -7*r**2 + 8*r + 2. Let d(a) = -i(a) + 6*u(a). Give d(7).
-3
Let n(l) = -l + 16. Let v(i) = 2. Let q(g) = n(g) - 4*v(g). What is q(16)?
-8
Let h be -3*(1 + (-12)/9). Let o(q) be the second derivative of 3*q + 0 - 1/6*q**3 + 1/2*q**2 - 5/6*q**4. Calculate o(h).
-10
Let a(r) be the first derivative of 10/3*r**3 + r**2 - 38 - r. What is a(1)?
11
Let h(l) be the third derivative of -l**5/30 + l**4/8 - l**3/2 + 27*l**2 + 2*l. Give h(2).
-5
Let l(a) = -a**3 + 6*a**2 - 1. Suppose 0 = -2*k - k - 4*v + 68, 0 = 4*k - 2*v - 76. Let t be (-20)/(-40)*k/2. Calculate l(t).
24
Let d(i) = i**2 - 10*i. Suppose -5*j + 25 = -5*z, 5*z = 36*j - 37*j - 1. Calculate d(j).
-24
Suppose 0 = 4*f - 3*y - 96, -2*f + y + 62 = -4*y. Suppose -7*v + f - 7 = 0. Let w(x) = x**2 + 2*x - 3. Determine w(v).
5
Let f(d) = -d**3 - 5*d**2 + 7*d + 9. Let q be -1 - 5/(15/(-9)). Let h(j) be the second derivative of -2*j**3/3 + j**2 - j. Let p be h(q). Give f(p).
3
Let z(k) = -3*k + 5*k - 8 - 3*k. Let l = 167 - 90. Let g = l + -77. Give z(g).
-8
Let g(v) be the second derivative of v + 0*v**3 + 0*v**2 + 1/120*v**5 + 3/4*v**4 - 1/240*v**6 + 0. Let c(u) be the third derivative of g(u). What is c(-3)?
10
Let r = -28 - -30. Let b(f) = 1 + 5*f**3 - f + 2 + 2 - f**r - 4. Give b(1).
4
Let s(c) = -c**2 - 11*c + 17. Suppose -f - 30 = -6*f. Let n be (4/(-6))/(f/108). Let l be s(n). Let t(d) = d. Give t(l).
5
Suppose -5*s = 3*g + 383, 0*s + 589 = -5*g + 4*s. Let p = g + 120. Let i(m) = 4*m - 1. Determine i(p).
-5
Suppose -2*r = -4*k - 12, -3*r + 4*k - 9*k = 4. Suppose -12 = -2*c - 3*a - 19, r*a = -2*c - 2. Let u(q) = q**2 - 4*q - 3. Determine u(c).
-3
Let t(f) = f**2. Suppose -3*h + 12*h = -27. Determine t(h).
9
Suppose 5*h - 2*r = -1, 0*h + h = 2*r - 5. Let g(s) = 5*s**3 - s**2. Let x be g(h). Let a(p) = -p**2 + 7*p - 6. Calculate a(x).
6
Let t be (-101)/(-11) + (-1 - 27/(-33)). Suppose 0 = -j - t*j - 20. Let v(d) = -3*d + 6*d**2 - 2 + 0 - 7*d**2. Give v(j).
0
Suppose v - 2*v + 3*y - 2 = 0, 0 = -5*v + 5*y. Let q = v - 9. Let f(p) = -4*p**2 + 8*p + 2. Let k(s) = -s**2 + 1. Let d(i) = f(i) - 5*k(i). What is d(q)?
-3
Let b(d) = 6*d + 10. Let z(r) = -r - 4. Let h(f) = -2*b(f) - 6*z(f). Give h(-3).
22
Let d(l) = 18*l**3 - l**2 + 1. Suppose 0 = -5*b + 3*y - 4, 5*b + 3*y = 2*b + 12. What is d(b)?
18
Let w(o) be the first derivative of -3*o**2/2 + 7*o - 140. Determine w(-3).
16
Let k be (-2)/(-3)*(-3)/2. Let i(x) = -11*x**3 + x**2 + x + 1. Determine i(k).
12
Let l(j) be the first derivative of -j**6/40 - 3*j**3 + 3. Let k(o) be the third derivative of l(o). Determine k(1).
-9
Let o(p) = 8*p**2 + 18*p - 2. Let q(c) = -24*c**2 - 47*c + 5. Let d(s) = 8*o(s) + 3*q(s). What is d(3)?
-64
Let h(u) = 6*u - 42. Let n be h(6). Let q(j) = j**2 + 8*j + 7. Determine q(n).
-5
Let q be 11/3 + (-3)/(-9). Let x be 16/24 - 12/(-9). Let d(l) = -11*l + 0 + 2 + 4*l + 3*l + l**x. Determine d(q).
2
Suppose -4*u - u - 30 = 0. Let k(q) = 2*q + 1. Let s(f) = 5*f + 14. Let z(v) = -2*k(v) + s(v). Let w be z(u). Let t(x) = x**2 - 6*x + 6. Determine t(w).
6
Let g = 9 - 6. Let m(l) = -26*l**2 + 73*l - 66. Let j(t) = 11*t**2 - 31*t + 28. Let h(x) = 19*j(x) + 8*m(x). Determine h(g).
-2
Let a = -17 - -29. Suppose 0 = 6*y - 3*y - a. Let o(b) = -y*b + 3 + 4*b + 3 - 2*b. What is o(6)?
-6
Let z(p) = 2*p**2 - 7*p + 4. Let j(c) = 2*c**2 + 3*c - 2. Let s be j(-2). Suppose s = 4*i - 2*o - 24, 7*i - 27 = 2*i + o. What is z(i)?
19
Let z(d) = 4*d**2 - d. Let r be (-10)/50 + (-9)/5 + 0. Let q(g) = 9*g**2 - 3*g + 1. Let w(y) = r*q(y) + 5*z(y). Calculate w(2).
8
Let f(v) = -v - 1 + 1. Suppose -136 = -7*o - 10. Let m = -12 + o. Determine f(m).
-6
Suppose -t - 5*j + 36 = 0, -5*j = 11*t - 6*t - 80. Suppose 7 = -3*v - 3*p + 1, t = -3*v + 2*p. Let o(d) = -2*d**2 - 4*d - 4. Give o(v).
-10
Let l(f) = -f**3 + 5*f**2 + 5*f + 8. Let j be l(6). Let s(p) = p**3 + 23*p**2 - 2 - 39*p**2 + 0 + 2*p + 19*p**j. What is s(-3)?
-8
Let q(r) = -2*r + 8. Let h = 56 + -48. Let k = 14 - h. Give q(k).
-4
Let n(s) = 21*s - 46. Let h(d) = 8*d - 17. Let q(j) = 8*h(j) - 3*n(j). Let u be 0*(-2 - (1 - 2)). Suppose -2*g - 2*g + 20 = u. Give q(g).
7
Let x be (3/2 + -1)/(296/1776). Let q(j) be the second derivative of -j - 1/12*j**4 + 0 + 1/2*j**2 + 11/20*j**5 + 0*j**x. Calculate q(1).
11
Let w(d) = -2 + 4 - 4 - d**3 + 3*d + 4*d**2. Suppose 2*t + 4 = -o + 9, -2*o - t = -10. Give w(o).
-12
Suppose -5*d + 5*i = -20, 4*d + 5*i = -d + 20. Let a(t) be the first derivative of -4 + 1/4*t**d + 3/2*t**2 + t + 0*t**3. Give a(-2).
-13
Let t(w) = -w**2 - 7*w + 3. Let r(x) = 2*x**2 + 15*x - 6. Let b(f) = -4*r(f) - 9*t(f). Let j be b(-2). Let n(i) = i + 10. What is n(j)?
5
Let y(f) = 2 - 10 - 36*f + 68*f - 22*f + f**2. What is y(-6)?
-32
Let a(m) be the second derivative of -m**5/60 + m**4/24 + m**3/3 + 19*m**2 - 2*m. Let v(k) be the first derivative of a(k). Determine v(0).
2
Let k(l) = l**3 + 15*l**2 - l - 8. Suppose 0 = 591*s - 578*s + 195. What is k(s)?
7
Let n(b) be the first derivative of b**4/2 - 2*b**3 + 3*b**2 - 5*b + 146. What is n(4)?
51
Let h(u) = -2*u**3 + 15*u**2 + 2*u - 5. Let r(a) = -a**3 + 8*a**2 + a - 2. Let v(y) = 3*h(y) - 5*r(y). Determine v(5).
0
Let s be (-1 + 5)*(11 - 10). Let o(y) be the first derivative of -9/2*y**2 - 8/3*y**3 + 1/4*y**4 - s - 3*y. What is o(9)?
-3
Let z(d) be the second derivative of 0 - 17*d - 1/3*d**3 - 1/4*d**4 - 1/10*d**5 - 1/2*d**2. Give z(-2).
7
Let d = 58 + -60. Let s(y) = y - 1. Let o(k) = -k - 1. Let c(g) = d*o(g) - 4*s(g). What is c(8)?
-10
Let c(y) be the first derivative of -y**7/840 + y**6/180 + y**5/60 - y**4/12 - 8*y**3/3 + 4. Let i(m) be the third derivative of c(m). Determine i(2).
2
Suppose -12*q + 17*q = 20. Suppose -2*t - l + 16 = 3*l, -4*t - q*l = -12. Let d(m) = 4*m + 1. What is d(t)?
-7
Let h(y) = 2*y - 6. Let f be (-4)/6 - (-670)/6. Suppose -5*k + f = 36. Suppose k = 4*q - q. Determine h(q).
4
Let c(z) = 12*z**3. Let l be 0 + (3 + 0 - 4). Give c(l).
-12
Let c be -1 - (1/(-3))/((-4)/(-36)). Let n(v) = v**3 - 3*v**2 